 - 9, 335 = -3*u - 2*f + 372. What is the highest common factor of u and 37?
1
Suppose -3*z - 79 = 3*d - 277, z - 322 = -5*d. What is the greatest common divisor of d and 16?
16
Suppose -19*d + 24*d = -10, -4*d - 328 = -4*n. Suppose 0 = 5*h + 68 - 8. Let l be h/(-5)*(-40)/(-3). Calculate the greatest common factor of n and l.
16
Suppose u + 2*l - 16 = 0, 5*u - 17 = -4*l + 69. Suppose u + 16 = z. What is the greatest common factor of z and 136?
34
Let t(c) = 395*c + 6440. Let g be t(-16). What is the highest common divisor of g and 1830?
30
Let r be -36*(13 - (-55)/(-4)). What is the highest common factor of 2763 and r?
9
Let t be ((-3648)/168 - -22)*(5 - -9). Calculate the greatest common factor of t and 3862.
2
Suppose 3*b = b + 188. Let c be 12*(15/(-20))/(-3) + -5 - -237. Calculate the highest common divisor of b and c.
47
Suppose 18*i - 828 = 6516. What is the highest common divisor of 119 and i?
17
Suppose 0 = -2*h + 6, -81 = -2*c - 5*h + 110. Let n(u) = -109*u**3 + 20*u + 21. Let s be n(-1). What is the greatest common factor of s and c?
22
Suppose -119 = -5*i - 99. Suppose 6*f - 8 = 2*f. Let v be 26 - (i - f)*2. What is the highest common factor of 2 and v?
2
Suppose -2*k + 4*k - 116 = 0. Suppose -1715 - 1040 = -52*c + 1769. Calculate the greatest common divisor of k and c.
29
Suppose -56 = -0*b - 2*b. Suppose -4*m + 438 = -5*m. Let c = -368 - m. Calculate the greatest common divisor of c and b.
14
Let w(l) = -l**3 - 16*l**2 - 109*l - 244. Let y be w(-5). Calculate the highest common divisor of y and 16913.
13
Let h(a) = -362*a - 1552. Let v be h(-8). What is the greatest common divisor of 560 and v?
112
Suppose 3*b - p = -0*p + 3, -3*p + 17 = 4*b. Suppose b*g - 18 = -4*f, 5*f - 8*f + 3 = 0. What is the highest common factor of 28 and g?
7
Let y(p) = 5*p**2 - 10*p + 7. Let h be y(5). Let a = -90 + h. Let i be a/(-36) - (-356)/18. Calculate the highest common divisor of i and 10.
10
Suppose 10*s + 15 = -0 + 115. Let h = 315 - -65. Calculate the highest common divisor of s and h.
10
Suppose 0 = 4*u - a - 4432 - 3767, 5*u - 10268 = 4*a. Calculate the highest common factor of u and 96.
32
Let q = -451 + 659. Suppose -16*v - q = -20*v. Suppose -4*r - 61 + 581 = 0. What is the greatest common divisor of r and v?
26
Suppose -5*a + 5250 = 4*i, -2442 - 735 = -3*a + 3*i. Calculate the greatest common divisor of a and 17.
17
Let a(n) = -n**3 + 16*n**2 + 3*n - 6. Let f be a(-2). What is the highest common divisor of f and 3930?
30
Suppose -3*x + 9*x - x - 3240 = 0. Calculate the highest common factor of 270 and x.
54
Let u = 13 - -23. Suppose -75 - u = -3*r. Let f = r + -7. What is the highest common divisor of 20 and f?
10
Let x = 28045 - 12770. What is the highest common factor of x and 1625?
325
Suppose -1834 - 24270 + 3400 = -516*p. Calculate the highest common factor of p and 7557.
11
Let i(n) = n**3 - 12*n**2 + 11*n - 75. Let x be i(16). What is the greatest common factor of 1200 and x?
75
Let c be (18/(-5))/(3 - (-26)/(-10)). Let l(a) = -a**2 - 11*a - 5. Let i be l(c). Let k be (2 + 7 + -4)*i. What is the highest common factor of 26 and k?
13
Suppose 122*n = 136*n - 280. Calculate the highest common factor of n and 108.
4
Let x(v) = -v**2 + 28*v - 85. Let w be x(25). Let p(i) = -i**2 - 15*i - 47. Let g be p(w). What is the greatest common factor of g and 75?
3
Let o = -4170 + 4990. What is the highest common factor of 41 and o?
41
Let g = 22 + -16. Let m be 15*(-13)/(-6 + -7). What is the greatest common factor of g and m?
3
Let c(o) = 87*o + 7441. Let y be c(50). Calculate the greatest common factor of 65 and y.
13
Let a = 3779 - 3311. Let q = -12 - -116. What is the highest common divisor of a and q?
52
Suppose -13*n + 21 = -44. Suppose -m + 0*b + 4*b + 14 = 0, -26 = -n*m - 2*b. Let u be ((-100)/m)/(28/(-294)). Calculate the highest common factor of u and 35.
35
Let w(y) = -5*y**2 - 23*y - 29. Let j(m) = m**2 + m - 4. Let b(i) = -4*j(i) - w(i). Let c be b(-24). Calculate the greatest common divisor of c and 275.
55
Let t = 2582 - 1251. Calculate the highest common divisor of t and 11.
11
Suppose -60 = 5*g + 5*f, -5*g + f = 3*f + 72. Let h = 88 + g. Calculate the greatest common factor of 12 and h.
12
Let q(b) = 75*b - 147. Let k be q(17). What is the highest common divisor of 141 and k?
141
Suppose -72*v + 45*v + 41580 = 0. Let o be v/20 + -2 + 2. Calculate the greatest common factor of o and 209.
11
Let p(r) = 2*r**2 + 2*r + 36. Let v be p(7). Suppose -3*f - 77 = 4*c - 307, -f + 64 = -5*c. What is the greatest common factor of f and v?
74
Let h = -347 - -593. Let g = 258 - h. Suppose -v - 1 + 4 = 0. What is the highest common factor of v and g?
3
Let z be (-93 + 11)/((-4)/(-2)). Let w be 4/(-26) + 0 + z/(-13). Suppose 2*u + w*n + 6 = 37, -u - 3*n = -14. What is the greatest common factor of 68 and u?
17
Let f be 3/((54/9)/24). Let w be 434/8 - (-21)/f. Calculate the highest common divisor of w and 49.
7
Let y = 611 + -414. Let w = -193 + y. What is the highest common divisor of w and 8?
4
Suppose 0 = -s - r + 180, -s = -4*r - 89 - 106. Calculate the greatest common divisor of 10919 and s.
61
Let g be (-16 - -17) + (-336)/(-1*2). Let t = g + -7. Let s be (-2)/(-10) + 267/15. Calculate the highest common factor of t and s.
18
Let s be 915/12 + (-119)/(-68). What is the greatest common factor of 5811 and s?
39
Let f(j) = -41*j - 116. Let q be f(-4). What is the greatest common factor of q and 246?
6
Let x(f) = f**3 - 6*f**2 + 2*f + 15. Let d be x(8). Let g = 203 - d. Calculate the greatest common factor of g and 33.
11
Let w = -208 + 213. Suppose -w*g = -11 - 9. Calculate the highest common factor of g and 52.
4
Let a = -1989 - -1999. What is the greatest common divisor of 12 and a?
2
Let z be (-16)/(-56) - (-127540)/147*99/6. Calculate the greatest common divisor of 12 and z.
12
Let j = 6990 - 6822. Let f be (-1734)/(-9) - 4/6. Calculate the highest common factor of j and f.
24
Let g = -3 - 26. Let c = 11 - g. What is the highest common divisor of 240 and c?
40
Let m be ((-36)/(-108))/((-1)/(-12)). Suppose -m*h - 39 = -3*d + 50, -d - 2*h = -33. Calculate the highest common factor of d and 310.
31
Let j be 2*(1 - 94/(-4)). Let m(a) = a**2 - 38*a + 332. Let t be m(25). What is the greatest common factor of t and j?
7
Suppose 5*m = n + 177, 5*m + 3*n = 99 + 90. Suppose 405 + m = 9*j. Calculate the greatest common factor of 28 and j.
7
Suppose -z + 706 + 694 = -0*z. What is the highest common divisor of 1925 and z?
175
Let h(t) = -t + 9. Let r be h(6). Suppose 3*q - 152 = x, -5*x = 2*q - 76 + r. What is the greatest common factor of 1 and q?
1
Let o(i) = -i - 24. Let c be o(-26). Suppose l - 71 = -c*b, 7*b + 3*l - 177 = 2*b. What is the greatest common divisor of b and 396?
36
Let c(m) = -37*m - 1989. Let d be c(-54). What is the greatest common divisor of 81 and d?
9
Suppose -27*b + 37*b = 0. Suppose b = 31*y - 86 - 1805. What is the highest common factor of 671 and y?
61
Let d = -12568 - -12812. Calculate the greatest common factor of 6466 and d.
122
Let n be 120*((-2 - -5) + (-3 - -1)). Suppose -74*w + 66*w = -n. Let p(h) = 29*h**2 - h. Let m be p(-1). Calculate the greatest common factor of w and m.
15
Let w = 10 + 102. Let k = w - 219. Let r = -87 - k. Calculate the greatest common divisor of r and 50.
10
Let k be (4 + -2)*(-419)/(-838). Let b = 21 - 1. Suppose -b = -3*f - f. What is the highest common divisor of f and k?
1
Let d = -310 - -291. Let v = d + 28. Calculate the greatest common factor of 4 and v.
1
Let d be 434/4 - 11/(-44)*-2. Suppose -98 = -2*z - h, 5*z - 4*h - d - 124 = 0. What is the greatest common factor of 128 and z?
16
Suppose 4*b - 20 = 0, n + 111 = -b + 324. Calculate the highest common factor of n and 80.
16
Suppose 18 = 11*x - 4. Suppose x*m = -4*p + 10, 0 = -p - 0*m - m + 2. Suppose 2*u - 7 = 2*l + 13, p*u + 5*l = 38. What is the highest common factor of 11 and u?
11
Let i = 3496 + -3124. Calculate the highest common divisor of 72 and i.
12
Let d(x) = 2*x**3 - 21*x**2 - 16*x + 63. Let g be d(11). What is the greatest common divisor of g and 38?
2
Let k be (-1)/(2/160*5). Let x(a) = a**2 - 6*a - 82. Let n be x(k). Calculate the highest common divisor of n and 60.
30
Let b be -33 + 40 + (-1 - 3). Suppose -n + 3*